{"id":520,"date":"2025-04-15T14:47:33","date_gmt":"2025-04-15T12:47:33","guid":{"rendered":"http:\/\/localhost:8888\/wordpress\/?page_id=520"},"modified":"2025-08-26T19:19:01","modified_gmt":"2025-08-26T17:19:01","slug":"benevoles","status":"publish","type":"page","link":"https:\/\/toussitrail.fr\/index.php\/benevoles\/","title":{"rendered":"B\u00e9n\u00e9voles"},"content":{"rendered":"\t\t<div data-elementor-type=\"wp-page\" data-elementor-id=\"520\" class=\"elementor elementor-520\" data-elementor-post-type=\"page\">\n\t\t\t\t<div class=\"elementor-element elementor-element-c2fc6d9 e-flex e-con-boxed e-con e-parent\" data-id=\"c2fc6d9\" data-element_type=\"container\" data-e-type=\"container\">\n\t\t\t\t\t<div class=\"e-con-inner\">\n\t\t\t\t<div class=\"elementor-element elementor-element-7b36bd5 elementor-widget elementor-widget-spacer\" data-id=\"7b36bd5\" data-element_type=\"widget\" data-e-type=\"widget\" data-widget_type=\"spacer.default\">\n\t\t\t\t<div class=\"elementor-widget-container\">\n\t\t\t\t\t\t\t<div class=\"elementor-spacer\">\n\t\t\t<div class=\"elementor-spacer-inner\"><\/div>\n\t\t<\/div>\n\t\t\t\t\t\t<\/div>\n\t\t\t\t<\/div>\n\t\t\t\t\t<\/div>\n\t\t\t\t<\/div>\n\t\t<div class=\"elementor-element elementor-element-4030112 e-flex e-con-boxed e-con e-parent\" data-id=\"4030112\" data-element_type=\"container\" data-e-type=\"container\">\n\t\t\t\t\t<div class=\"e-con-inner\">\n\t\t<div class=\"elementor-element elementor-element-e7a89b9 e-con-full e-flex e-con e-child\" data-id=\"e7a89b9\" data-element_type=\"container\" data-e-type=\"container\" data-settings=\"{&quot;background_background&quot;:&quot;classic&quot;}\">\n\t\t\t\t<div class=\"elementor-element elementor-element-8e32cab elementor-widget elementor-widget-heading\" data-id=\"8e32cab\" data-element_type=\"widget\" data-e-type=\"widget\" data-widget_type=\"heading.default\">\n\t\t\t\t<div class=\"elementor-widget-container\">\n\t\t\t\t\t<h2 class=\"elementor-heading-title elementor-size-default\">Devenez b\u00e9n\u00e9voles<\/h2>\t\t\t\t<\/div>\n\t\t\t\t<\/div>\n\t\t\t\t<\/div>\n\t\t\t\t\t<\/div>\n\t\t\t\t<\/div>\n\t\t<div class=\"elementor-element elementor-element-9d4f21e e-flex e-con-boxed e-con e-parent\" data-id=\"9d4f21e\" data-element_type=\"container\" data-e-type=\"container\">\n\t\t\t\t\t<div class=\"e-con-inner\">\n\t\t\t\t<div class=\"elementor-element elementor-element-aafe8bc elementor-widget elementor-widget-spacer\" data-id=\"aafe8bc\" data-element_type=\"widget\" data-e-type=\"widget\" data-widget_type=\"spacer.default\">\n\t\t\t\t<div class=\"elementor-widget-container\">\n\t\t\t\t\t\t\t<div class=\"elementor-spacer\">\n\t\t\t<div class=\"elementor-spacer-inner\"><\/div>\n\t\t<\/div>\n\t\t\t\t\t\t<\/div>\n\t\t\t\t<\/div>\n\t\t\t\t<div class=\"elementor-element elementor-element-5300b8c elementor-widget elementor-widget-heading\" data-id=\"5300b8c\" data-element_type=\"widget\" data-e-type=\"widget\" data-widget_type=\"heading.default\">\n\t\t\t\t<div class=\"elementor-widget-container\">\n\t\t\t\t\t<h2 class=\"elementor-heading-title elementor-size-default\">La participation des b\u00e9n\u00e9voles est essentielle \u00e0 la r\u00e9ussite de la course<\/h2>\t\t\t\t<\/div>\n\t\t\t\t<\/div>\n\t\t\t\t<div class=\"elementor-element elementor-element-bfe4498 elementor-widget elementor-widget-text-editor\" data-id=\"bfe4498\" data-element_type=\"widget\" data-e-type=\"widget\" data-widget_type=\"text-editor.default\">\n\t\t\t\t<div class=\"elementor-widget-container\">\n\t\t\t\t\t\t\t\t\t<p>Sans vous rien n&rsquo;est possible !<\/p>\t\t\t\t\t\t\t\t<\/div>\n\t\t\t\t<\/div>\n\t\t\t\t<div class=\"elementor-element elementor-element-ffacaa9 elementor-widget elementor-widget-text-editor\" data-id=\"ffacaa9\" data-element_type=\"widget\" data-e-type=\"widget\" data-widget_type=\"text-editor.default\">\n\t\t\t\t<div class=\"elementor-widget-container\">\n\t\t\t\t\t\t\t\t\t<div class=\"elementToProof\">Vous voulez participer \u00e0 l&rsquo;organisation du Toussi&rsquo;Trail en faisant partie de notre \u00e9quipe de b\u00e9n\u00e9voles ? Vous \u00eates les bienvenus\u2026 nous saurons trouver le r\u00f4le qui sera le plus proche de vos attentes et de votre savoir-faire. Vous serez les acteurs du succ\u00e8s de cet \u00e9v\u00e9nement !<\/div><div class=\"elementToProof\">Les postes \u00e0 pourvoir sont nombreux, que ce soit en amont de la course ou le jour J ! Il y en a pour tout le monde et dans un cadre festif qui est l&rsquo;occasion de d\u00e9couvrir Toussieux autrement.<\/div><div class=\"elementToProof\">N&rsquo;h\u00e9sitez pas \u00e0 remplir le formulaire ci-dessous en indiquant vos disponibilit\u00e9s et souhaits de mission (non obligatoire, mais cela nous permettra de r\u00e9pondre au mieux \u00e0 vos attentes).<\/div>\t\t\t\t\t\t\t\t<\/div>\n\t\t\t\t<\/div>\n\t\t\t\t\t<\/div>\n\t\t\t\t<\/div>\n\t\t<div class=\"elementor-element elementor-element-673fd72 e-flex e-con-boxed e-con e-parent\" data-id=\"673fd72\" data-element_type=\"container\" data-e-type=\"container\">\n\t\t\t\t\t<div class=\"e-con-inner\">\n\t\t\t\t<div class=\"elementor-element elementor-element-bcc71c9 elementor-widget elementor-widget-text-editor\" data-id=\"bcc71c9\" data-element_type=\"widget\" data-e-type=\"widget\" data-widget_type=\"text-editor.default\">\n\t\t\t\t<div class=\"elementor-widget-container\">\n\t\t\t\t\t\t\t\t\t<p>Nous vous recontacterons pour confirmer avec vous votre mission.<\/p>\t\t\t\t\t\t\t\t<\/div>\n\t\t\t\t<\/div>\n\t\t\t\t<div class=\"elementor-element elementor-element-b827a90 elementor-button-align-stretch elementor-widget elementor-widget-form\" data-id=\"b827a90\" data-element_type=\"widget\" data-e-type=\"widget\" data-settings=\"{&quot;step_next_label&quot;:&quot;Suivant&quot;,&quot;step_previous_label&quot;:&quot;Pr\\u00e9c\\u00e9dent&quot;,&quot;button_width&quot;:&quot;100&quot;,&quot;step_type&quot;:&quot;number_text&quot;,&quot;step_icon_shape&quot;:&quot;circle&quot;}\" data-widget_type=\"form.default\">\n\t\t\t\t<div class=\"elementor-widget-container\">\n\t\t\t\t\t\t\t<form class=\"elementor-form\" method=\"post\" name=\"Formulaire b\u00e9n\u00e9vole\">\n\t\t\t<input type=\"hidden\" name=\"post_id\" value=\"520\"\/>\n\t\t\t<input type=\"hidden\" name=\"form_id\" value=\"b827a90\"\/>\n\t\t\t<input type=\"hidden\" name=\"referer_title\" value=\"B\u00e9n\u00e9voles - TSL\" \/>\n\n\t\t\t\t\t\t\t<input type=\"hidden\" name=\"queried_id\" value=\"520\"\/>\n\t\t\t\n\t\t\t<div class=\"elementor-form-fields-wrapper elementor-labels-above\">\n\t\t\t\t\t\t\t\t<div class=\"elementor-field-type-text elementor-field-group elementor-column elementor-field-group-name elementor-col-50 elementor-field-required elementor-mark-required\">\n\t\t\t\t\t\t\t\t\t\t\t\t<label for=\"form-field-name\" class=\"elementor-field-label\">\n\t\t\t\t\t\t\t\tNom\t\t\t\t\t\t\t<\/label>\n\t\t\t\t\t\t\t\t\t\t\t\t\t\t<input size=\"1\" type=\"text\" name=\"form_fields[name]\" id=\"form-field-name\" class=\"elementor-field elementor-size-sm  elementor-field-textual\" placeholder=\"Nom\" required=\"required\">\n\t\t\t\t\t\t\t\t\t\t\t<\/div>\n\t\t\t\t\t\t\t\t<div class=\"elementor-field-type-text elementor-field-group elementor-column elementor-field-group-field_7a00c35 elementor-col-50 elementor-field-required elementor-mark-required\">\n\t\t\t\t\t\t\t\t\t\t\t\t<label for=\"form-field-field_7a00c35\" class=\"elementor-field-label\">\n\t\t\t\t\t\t\t\tPr\u00e9nom\t\t\t\t\t\t\t<\/label>\n\t\t\t\t\t\t\t\t\t\t\t\t\t\t<input size=\"1\" type=\"text\" name=\"form_fields[field_7a00c35]\" id=\"form-field-field_7a00c35\" class=\"elementor-field elementor-size-sm  elementor-field-textual\" placeholder=\"Pr\u00e9nom\" required=\"required\">\n\t\t\t\t\t\t\t\t\t\t\t<\/div>\n\t\t\t\t\t\t\t\t<div class=\"elementor-field-type-email elementor-field-group elementor-column elementor-field-group-email elementor-col-50 elementor-field-required elementor-mark-required\">\n\t\t\t\t\t\t\t\t\t\t\t\t<label for=\"form-field-email\" class=\"elementor-field-label\">\n\t\t\t\t\t\t\t\tE-mail\t\t\t\t\t\t\t<\/label>\n\t\t\t\t\t\t\t\t\t\t\t\t\t\t<input size=\"1\" type=\"email\" name=\"form_fields[email]\" id=\"form-field-email\" class=\"elementor-field elementor-size-sm  elementor-field-textual\" placeholder=\"E-mail\" required=\"required\">\n\t\t\t\t\t\t\t\t\t\t\t<\/div>\n\t\t\t\t\t\t\t\t<div class=\"elementor-field-type-tel elementor-field-group elementor-column elementor-field-group-field_a465ef1 elementor-col-50 elementor-field-required elementor-mark-required\">\n\t\t\t\t\t\t\t\t\t\t\t\t<label for=\"form-field-field_a465ef1\" class=\"elementor-field-label\">\n\t\t\t\t\t\t\t\tT\u00e9l\u00e9phone\t\t\t\t\t\t\t<\/label>\n\t\t\t\t\t\t\t\t<input size=\"1\" type=\"tel\" name=\"form_fields[field_a465ef1]\" id=\"form-field-field_a465ef1\" class=\"elementor-field elementor-size-sm  elementor-field-textual\" required=\"required\" pattern=\"[0-9()#&amp;+*-=.]+\" title=\"Seuls les caract\u00e8res de num\u00e9ros de t\u00e9l\u00e9phone (#, -, *, etc.) sont accept\u00e9s.\">\n\n\t\t\t\t\t\t<\/div>\n\t\t\t\t\t\t\t\t<div class=\"elementor-field-type-checkbox elementor-field-group elementor-column elementor-field-group-field_1bc1638 elementor-col-50\">\n\t\t\t\t\t\t\t\t\t\t\t\t<label for=\"form-field-field_1bc1638\" class=\"elementor-field-label\">\n\t\t\t\t\t\t\t\tVos disponibilit\u00e9s\t\t\t\t\t\t\t<\/label>\n\t\t\t\t\t\t<div class=\"elementor-field-subgroup  elementor-subgroup-inline\"><span class=\"elementor-field-option\"><input type=\"checkbox\" value=\"Samedi matin\" id=\"form-field-field_1bc1638-0\" name=\"form_fields[field_1bc1638][]\"> <label for=\"form-field-field_1bc1638-0\">Samedi matin<\/label><\/span><span class=\"elementor-field-option\"><input type=\"checkbox\" value=\"Samedi apr\u00e8s-midi\" id=\"form-field-field_1bc1638-1\" name=\"form_fields[field_1bc1638][]\"> <label for=\"form-field-field_1bc1638-1\">Samedi apr\u00e8s-midi<\/label><\/span><span class=\"elementor-field-option\"><input type=\"checkbox\" value=\"Dimanche matin\" id=\"form-field-field_1bc1638-2\" name=\"form_fields[field_1bc1638][]\"> <label for=\"form-field-field_1bc1638-2\">Dimanche matin<\/label><\/span><span class=\"elementor-field-option\"><input type=\"checkbox\" value=\"Lundi matin\" id=\"form-field-field_1bc1638-3\" name=\"form_fields[field_1bc1638][]\"> <label for=\"form-field-field_1bc1638-3\">Lundi matin<\/label><\/span><\/div>\t\t\t\t<\/div>\n\t\t\t\t\t\t\t\t<div class=\"elementor-field-type-checkbox elementor-field-group elementor-column elementor-field-group-field_5458fdd elementor-col-50\">\n\t\t\t\t\t\t\t\t\t\t\t\t<label for=\"form-field-field_5458fdd\" class=\"elementor-field-label\">\n\t\t\t\t\t\t\t\tChoix de mission\t\t\t\t\t\t\t<\/label>\n\t\t\t\t\t\t<div class=\"elementor-field-subgroup  elementor-subgroup-inline\"><span class=\"elementor-field-option\"><input type=\"checkbox\" value=\"Installation du site\" id=\"form-field-field_5458fdd-0\" name=\"form_fields[field_5458fdd][]\"> <label for=\"form-field-field_5458fdd-0\">Installation du site<\/label><\/span><span class=\"elementor-field-option\"><input type=\"checkbox\" value=\"Signaleur\" id=\"form-field-field_5458fdd-1\" name=\"form_fields[field_5458fdd][]\"> <label for=\"form-field-field_5458fdd-1\">Signaleur<\/label><\/span><span class=\"elementor-field-option\"><input type=\"checkbox\" value=\"Buvette\" id=\"form-field-field_5458fdd-2\" name=\"form_fields[field_5458fdd][]\"> <label for=\"form-field-field_5458fdd-2\">Buvette<\/label><\/span><span class=\"elementor-field-option\"><input type=\"checkbox\" value=\"Ravitaillement\" id=\"form-field-field_5458fdd-3\" name=\"form_fields[field_5458fdd][]\"> <label for=\"form-field-field_5458fdd-3\">Ravitaillement<\/label><\/span><span class=\"elementor-field-option\"><input type=\"checkbox\" value=\"Parking\" id=\"form-field-field_5458fdd-4\" name=\"form_fields[field_5458fdd][]\"> <label for=\"form-field-field_5458fdd-4\">Parking<\/label><\/span><span class=\"elementor-field-option\"><input type=\"checkbox\" value=\"Balisage du parcours\" id=\"form-field-field_5458fdd-5\" name=\"form_fields[field_5458fdd][]\"> <label for=\"form-field-field_5458fdd-5\">Balisage du parcours<\/label><\/span><span class=\"elementor-field-option\"><input type=\"checkbox\" value=\"Vestiaire\" id=\"form-field-field_5458fdd-6\" name=\"form_fields[field_5458fdd][]\"> <label for=\"form-field-field_5458fdd-6\">Vestiaire<\/label><\/span><span class=\"elementor-field-option\"><input type=\"checkbox\" value=\"Retrait Dossard\" id=\"form-field-field_5458fdd-7\" name=\"form_fields[field_5458fdd][]\"> <label for=\"form-field-field_5458fdd-7\">Retrait Dossard<\/label><\/span><span class=\"elementor-field-option\"><input type=\"checkbox\" value=\"Autre\" id=\"form-field-field_5458fdd-8\" name=\"form_fields[field_5458fdd][]\"> <label for=\"form-field-field_5458fdd-8\">Autre<\/label><\/span><\/div>\t\t\t\t<\/div>\n\t\t\t\t\t\t\t\t<div class=\"elementor-field-type-text elementor-field-group elementor-column elementor-field-group-field_0529252 elementor-col-100\">\n\t\t\t\t\t\t\t\t\t\t\t\t<label for=\"form-field-field_0529252\" class=\"elementor-field-label\">\n\t\t\t\t\t\t\t\tVotre message :\t\t\t\t\t\t\t<\/label>\n\t\t\t\t\t\t\t\t\t\t\t\t\t\t<input size=\"1\" type=\"text\" name=\"form_fields[field_0529252]\" id=\"form-field-field_0529252\" class=\"elementor-field elementor-size-sm  elementor-field-textual\" placeholder=\"Vous pouvez indiquer ici une pr\u00e9cision ou suggestion de mission ou tout autre message concernant votre demande de b\u00e9n\u00e9volat.\">\n\t\t\t\t\t\t\t\t\t\t\t<\/div>\n\t\t\t\t\t\t\t\t<div class=\"elementor-field-group elementor-column elementor-field-type-submit elementor-col-100 e-form__buttons\">\n\t\t\t\t\t<button class=\"elementor-button elementor-size-sm\" type=\"submit\">\n\t\t\t\t\t\t<span class=\"elementor-button-content-wrapper\">\n\t\t\t\t\t\t\t\t\t\t\t\t\t\t\t\t\t\t\t\t\t\t<span class=\"elementor-button-text\">Envoyer<\/span>\n\t\t\t\t\t\t\t\t\t\t\t\t\t<\/span>\n\t\t\t\t\t<\/button>\n\t\t\t\t<\/div>\n\t\t\t<\/div>\n\t\t<\/form>\n\t\t\t\t\t\t<\/div>\n\t\t\t\t<\/div>\n\t\t\t\t\t<\/div>\n\t\t\t\t<\/div>\n\t\t<div class=\"elementor-element elementor-element-84144f8 e-flex e-con-boxed e-con e-parent\" data-id=\"84144f8\" data-element_type=\"container\" data-e-type=\"container\">\n\t\t\t\t\t<div class=\"e-con-inner\">\n\t\t\t\t<div class=\"elementor-element elementor-element-e5812dc elementor-widget elementor-widget-google_maps\" data-id=\"e5812dc\" data-element_type=\"widget\" data-e-type=\"widget\" data-widget_type=\"google_maps.default\">\n\t\t\t\t<div class=\"elementor-widget-container\">\n\t\t\t\t\t\t\t<div class=\"elementor-custom-embed\">\n\t\t\t<iframe loading=\"lazy\"\n\t\t\t\t\tsrc=\"https:\/\/maps.google.com\/maps?q=Terrain%20de%20loisirs%20Toussieux&#038;t=m&#038;z=10&#038;output=embed&#038;iwloc=near\"\n\t\t\t\t\ttitle=\"Terrain de loisirs Toussieux\"\n\t\t\t\t\taria-label=\"Terrain de loisirs Toussieux\"\n\t\t\t><\/iframe>\n\t\t<\/div>\n\t\t\t\t\t\t<\/div>\n\t\t\t\t<\/div>\n\t\t\t\t\t<\/div>\n\t\t\t\t<\/div>\n\t\t\t\t<\/div>\n\t\t","protected":false},"excerpt":{"rendered":"<p>Devenez acteur du succ\u00e8s du Toussi\u2019Trail ! La participation des b\u00e9n\u00e9voles est essentielle pour faire de cet \u00e9v\u00e9nement une r\u00e9ussite. Que vous souhaitiez aider en amont ou le jour J, il y a un r\u00f4le pour chacun dans une ambiance festive. Rejoignez notre \u00e9quipe et d\u00e9couvrez Toussieux sous un nouveau jour tout en contribuant \u00e0 une belle aventure. Ensemble, faisons de cette course un moment inoubliable !<\/p>\n","protected":false},"author":1,"featured_media":853,"parent":0,"menu_order":0,"comment_status":"closed","ping_status":"closed","template":"","meta":{"footnotes":""},"class_list":["post-520","page","type-page","status-publish","has-post-thumbnail","hentry"],"yoast_head":"<!-- This site is optimized with the Yoast SEO plugin v27.5 - https:\/\/yoast.com\/product\/yoast-seo-wordpress\/ -->\n<title>B\u00e9n\u00e9voles - TSL<\/title>\n<meta name=\"description\" content=\"Devenez b\u00e9n\u00e9vole pour l&#039;association TSL et aidez-nous pour le Toussi&#039;trail dans un cadre festif et bienvelliant.\" \/>\n<meta name=\"robots\" content=\"index, follow, max-snippet:-1, max-image-preview:large, max-video-preview:-1\" \/>\n<link rel=\"canonical\" href=\"https:\/\/toussitrail.fr\/index.php\/benevoles\/\" \/>\n<meta property=\"og:locale\" content=\"fr_FR\" \/>\n<meta property=\"og:type\" content=\"article\" \/>\n<meta property=\"og:title\" content=\"B\u00e9n\u00e9voles - TSL\" \/>\n<meta property=\"og:description\" content=\"Devenez b\u00e9n\u00e9vole pour l&#039;association TSL et aidez-nous pour le Toussi&#039;trail dans un cadre festif et bienvelliant.\" \/>\n<meta property=\"og:url\" content=\"https:\/\/toussitrail.fr\/index.php\/benevoles\/\" \/>\n<meta property=\"og:site_name\" content=\"TSL\" \/>\n<meta property=\"article:publisher\" content=\"https:\/\/www.facebook.com\/toussitrail\/?locale=fr_FR\" \/>\n<meta property=\"article:modified_time\" content=\"2025-08-26T17:19:01+00:00\" \/>\n<meta property=\"og:image\" content=\"https:\/\/toussitrail.fr\/wp-content\/uploads\/2025\/05\/toussitrail_logo_v2_couleur.png\" \/>\n\t<meta property=\"og:image:width\" content=\"355\" \/>\n\t<meta property=\"og:image:height\" content=\"374\" \/>\n\t<meta property=\"og:image:type\" content=\"image\/png\" \/>\n<meta name=\"twitter:card\" content=\"summary_large_image\" \/>\n<meta name=\"twitter:label1\" content=\"Dur\u00e9e de lecture estim\u00e9e\" \/>\n\t<meta name=\"twitter:data1\" content=\"1 minute\" \/>\n<script type=\"application\/ld+json\" class=\"yoast-schema-graph\">{\"@context\":\"https:\\\/\\\/schema.org\",\"@graph\":[{\"@type\":\"WebPage\",\"@id\":\"https:\\\/\\\/toussitrail.fr\\\/index.php\\\/benevoles\\\/\",\"url\":\"https:\\\/\\\/toussitrail.fr\\\/index.php\\\/benevoles\\\/\",\"name\":\"B\u00e9n\u00e9voles - TSL\",\"isPartOf\":{\"@id\":\"https:\\\/\\\/toussitrail.fr\\\/#website\"},\"primaryImageOfPage\":{\"@id\":\"https:\\\/\\\/toussitrail.fr\\\/index.php\\\/benevoles\\\/#primaryimage\"},\"image\":{\"@id\":\"https:\\\/\\\/toussitrail.fr\\\/index.php\\\/benevoles\\\/#primaryimage\"},\"thumbnailUrl\":\"https:\\\/\\\/toussitrail.fr\\\/wp-content\\\/uploads\\\/2025\\\/05\\\/toussitrail_logo_v2_couleur.png\",\"datePublished\":\"2025-04-15T12:47:33+00:00\",\"dateModified\":\"2025-08-26T17:19:01+00:00\",\"description\":\"Devenez b\u00e9n\u00e9vole pour l'association TSL et aidez-nous pour le Toussi'trail dans un cadre festif et bienvelliant.\",\"breadcrumb\":{\"@id\":\"https:\\\/\\\/toussitrail.fr\\\/index.php\\\/benevoles\\\/#breadcrumb\"},\"inLanguage\":\"fr-FR\",\"potentialAction\":[{\"@type\":\"ReadAction\",\"target\":[\"https:\\\/\\\/toussitrail.fr\\\/index.php\\\/benevoles\\\/\"]}]},{\"@type\":\"ImageObject\",\"inLanguage\":\"fr-FR\",\"@id\":\"https:\\\/\\\/toussitrail.fr\\\/index.php\\\/benevoles\\\/#primaryimage\",\"url\":\"https:\\\/\\\/toussitrail.fr\\\/wp-content\\\/uploads\\\/2025\\\/05\\\/toussitrail_logo_v2_couleur.png\",\"contentUrl\":\"https:\\\/\\\/toussitrail.fr\\\/wp-content\\\/uploads\\\/2025\\\/05\\\/toussitrail_logo_v2_couleur.png\",\"width\":355,\"height\":374},{\"@type\":\"BreadcrumbList\",\"@id\":\"https:\\\/\\\/toussitrail.fr\\\/index.php\\\/benevoles\\\/#breadcrumb\",\"itemListElement\":[{\"@type\":\"ListItem\",\"position\":1,\"name\":\"Accueil\",\"item\":\"https:\\\/\\\/toussitrail.fr\\\/\"},{\"@type\":\"ListItem\",\"position\":2,\"name\":\"B\u00e9n\u00e9voles\"}]},{\"@type\":\"WebSite\",\"@id\":\"https:\\\/\\\/toussitrail.fr\\\/#website\",\"url\":\"https:\\\/\\\/toussitrail.fr\\\/\",\"name\":\"Toussi'Trail\",\"description\":\"Logo Toussi&#039;Trail\",\"publisher\":{\"@id\":\"https:\\\/\\\/toussitrail.fr\\\/#organization\"},\"potentialAction\":[{\"@type\":\"SearchAction\",\"target\":{\"@type\":\"EntryPoint\",\"urlTemplate\":\"https:\\\/\\\/toussitrail.fr\\\/?s={search_term_string}\"},\"query-input\":{\"@type\":\"PropertyValueSpecification\",\"valueRequired\":true,\"valueName\":\"search_term_string\"}}],\"inLanguage\":\"fr-FR\"},{\"@type\":\"Organization\",\"@id\":\"https:\\\/\\\/toussitrail.fr\\\/#organization\",\"name\":\"TSL Toussieux Sports et Loisirs\",\"url\":\"https:\\\/\\\/toussitrail.fr\\\/\",\"logo\":{\"@type\":\"ImageObject\",\"inLanguage\":\"fr-FR\",\"@id\":\"https:\\\/\\\/toussitrail.fr\\\/#\\\/schema\\\/logo\\\/image\\\/\",\"url\":\"https:\\\/\\\/toussitrail.fr\\\/wp-content\\\/uploads\\\/2025\\\/05\\\/toussitrail_logo_v2_couleur.png\",\"contentUrl\":\"https:\\\/\\\/toussitrail.fr\\\/wp-content\\\/uploads\\\/2025\\\/05\\\/toussitrail_logo_v2_couleur.png\",\"width\":355,\"height\":374,\"caption\":\"TSL Toussieux Sports et Loisirs\"},\"image\":{\"@id\":\"https:\\\/\\\/toussitrail.fr\\\/#\\\/schema\\\/logo\\\/image\\\/\"},\"sameAs\":[\"https:\\\/\\\/www.facebook.com\\\/toussitrail\\\/?locale=fr_FR\",\"https:\\\/\\\/www.instagram.com\\\/toussitrail\\\/?igsh=MTZlaG95MzlxaWxoZA#\"]}]}<\/script>\n<!-- \/ Yoast SEO plugin. -->","yoast_head_json":{"title":"B\u00e9n\u00e9voles - TSL","description":"Devenez b\u00e9n\u00e9vole pour l'association TSL et aidez-nous pour le Toussi'trail dans un cadre festif et bienvelliant.","robots":{"index":"index","follow":"follow","max-snippet":"max-snippet:-1","max-image-preview":"max-image-preview:large","max-video-preview":"max-video-preview:-1"},"canonical":"https:\/\/toussitrail.fr\/index.php\/benevoles\/","og_locale":"fr_FR","og_type":"article","og_title":"B\u00e9n\u00e9voles - TSL","og_description":"Devenez b\u00e9n\u00e9vole pour l'association TSL et aidez-nous pour le Toussi'trail dans un cadre festif et bienvelliant.","og_url":"https:\/\/toussitrail.fr\/index.php\/benevoles\/","og_site_name":"TSL","article_publisher":"https:\/\/www.facebook.com\/toussitrail\/?locale=fr_FR","article_modified_time":"2025-08-26T17:19:01+00:00","og_image":[{"width":355,"height":374,"url":"https:\/\/toussitrail.fr\/wp-content\/uploads\/2025\/05\/toussitrail_logo_v2_couleur.png","type":"image\/png"}],"twitter_card":"summary_large_image","twitter_misc":{"Dur\u00e9e de lecture estim\u00e9e":"1 minute"},"schema":{"@context":"https:\/\/schema.org","@graph":[{"@type":"WebPage","@id":"https:\/\/toussitrail.fr\/index.php\/benevoles\/","url":"https:\/\/toussitrail.fr\/index.php\/benevoles\/","name":"B\u00e9n\u00e9voles - TSL","isPartOf":{"@id":"https:\/\/toussitrail.fr\/#website"},"primaryImageOfPage":{"@id":"https:\/\/toussitrail.fr\/index.php\/benevoles\/#primaryimage"},"image":{"@id":"https:\/\/toussitrail.fr\/index.php\/benevoles\/#primaryimage"},"thumbnailUrl":"https:\/\/toussitrail.fr\/wp-content\/uploads\/2025\/05\/toussitrail_logo_v2_couleur.png","datePublished":"2025-04-15T12:47:33+00:00","dateModified":"2025-08-26T17:19:01+00:00","description":"Devenez b\u00e9n\u00e9vole pour l'association TSL et aidez-nous pour le Toussi'trail dans un cadre festif et bienvelliant.","breadcrumb":{"@id":"https:\/\/toussitrail.fr\/index.php\/benevoles\/#breadcrumb"},"inLanguage":"fr-FR","potentialAction":[{"@type":"ReadAction","target":["https:\/\/toussitrail.fr\/index.php\/benevoles\/"]}]},{"@type":"ImageObject","inLanguage":"fr-FR","@id":"https:\/\/toussitrail.fr\/index.php\/benevoles\/#primaryimage","url":"https:\/\/toussitrail.fr\/wp-content\/uploads\/2025\/05\/toussitrail_logo_v2_couleur.png","contentUrl":"https:\/\/toussitrail.fr\/wp-content\/uploads\/2025\/05\/toussitrail_logo_v2_couleur.png","width":355,"height":374},{"@type":"BreadcrumbList","@id":"https:\/\/toussitrail.fr\/index.php\/benevoles\/#breadcrumb","itemListElement":[{"@type":"ListItem","position":1,"name":"Accueil","item":"https:\/\/toussitrail.fr\/"},{"@type":"ListItem","position":2,"name":"B\u00e9n\u00e9voles"}]},{"@type":"WebSite","@id":"https:\/\/toussitrail.fr\/#website","url":"https:\/\/toussitrail.fr\/","name":"Toussi'Trail","description":"Logo Toussi&#039;Trail","publisher":{"@id":"https:\/\/toussitrail.fr\/#organization"},"potentialAction":[{"@type":"SearchAction","target":{"@type":"EntryPoint","urlTemplate":"https:\/\/toussitrail.fr\/?s={search_term_string}"},"query-input":{"@type":"PropertyValueSpecification","valueRequired":true,"valueName":"search_term_string"}}],"inLanguage":"fr-FR"},{"@type":"Organization","@id":"https:\/\/toussitrail.fr\/#organization","name":"TSL Toussieux Sports et Loisirs","url":"https:\/\/toussitrail.fr\/","logo":{"@type":"ImageObject","inLanguage":"fr-FR","@id":"https:\/\/toussitrail.fr\/#\/schema\/logo\/image\/","url":"https:\/\/toussitrail.fr\/wp-content\/uploads\/2025\/05\/toussitrail_logo_v2_couleur.png","contentUrl":"https:\/\/toussitrail.fr\/wp-content\/uploads\/2025\/05\/toussitrail_logo_v2_couleur.png","width":355,"height":374,"caption":"TSL Toussieux Sports et Loisirs"},"image":{"@id":"https:\/\/toussitrail.fr\/#\/schema\/logo\/image\/"},"sameAs":["https:\/\/www.facebook.com\/toussitrail\/?locale=fr_FR","https:\/\/www.instagram.com\/toussitrail\/?igsh=MTZlaG95MzlxaWxoZA#"]}]}},"_links":{"self":[{"href":"https:\/\/toussitrail.fr\/index.php\/wp-json\/wp\/v2\/pages\/520","targetHints":{"allow":["GET"]}}],"collection":[{"href":"https:\/\/toussitrail.fr\/index.php\/wp-json\/wp\/v2\/pages"}],"about":[{"href":"https:\/\/toussitrail.fr\/index.php\/wp-json\/wp\/v2\/types\/page"}],"author":[{"embeddable":true,"href":"https:\/\/toussitrail.fr\/index.php\/wp-json\/wp\/v2\/users\/1"}],"replies":[{"embeddable":true,"href":"https:\/\/toussitrail.fr\/index.php\/wp-json\/wp\/v2\/comments?post=520"}],"version-history":[{"count":60,"href":"https:\/\/toussitrail.fr\/index.php\/wp-json\/wp\/v2\/pages\/520\/revisions"}],"predecessor-version":[{"id":1499,"href":"https:\/\/toussitrail.fr\/index.php\/wp-json\/wp\/v2\/pages\/520\/revisions\/1499"}],"wp:featuredmedia":[{"embeddable":true,"href":"https:\/\/toussitrail.fr\/index.php\/wp-json\/wp\/v2\/media\/853"}],"wp:attachment":[{"href":"https:\/\/toussitrail.fr\/index.php\/wp-json\/wp\/v2\/media?parent=520"}],"curies":[{"name":"wp","href":"https:\/\/api.w.org\/{rel}","templated":true}]}}